41b (base 12) to base 3
12120012
-202522 (base 6) to base 4
-3330302
What is 6830 (base 15) in base 12?
10953
What is 2e2 (base 15) in base 14?
354
What is 19a9 (base 11) in base 6?
15431
What is 322 (base 11) in base 7?
1062
Convert 341105 (base 6) to base 11.
1a684
Convert -1195 (base 13) to base 9.
-3364
1011200 (base 3) to base 11
708
What is 130b (base 14) in base 11?
256a
Convert 20157 (base 13) to base 11.
3a109
Convert -54524 (base 7) to base 6.
-143052
Convert 302012 (base 6) to base 7.
126203
137 (base 10) to base 16
89
-34420 (base 6) to base 14
-1b08
150521 (base 6) to base 10
14449
42ec (base 16) to base 13
7a4b
Convert 13020 (base 7) to base 4.
311310
-8345 (base 12) to base 15
-438e
Convert -a87 (base 13) to base 5.
-24201
719 (base 10) to base 3
222122
What is -928 (base 12) in base 6?
-10052
10111100 (base 2) to base 9
228
-344 (base 14) to base 8
-1210
-116670 (base 8) to base 10
-40376
-1b4 (base 14) to base 13
-213
What is 1339 (base 11) in base 8?
3310
14514 (base 10) to base 5
431024
Convert 22785 (base 9) to base 12.
8988
Convert 308 (base 12) to base 15.
1e5
1312 (base 5) to base 12
153
9996 (base 14) to base 11
18a85
What is a1 (base 13) in base 14?
95
What is -749 (base 14) in base 2?
-10110011101
What is 165 (base 9) in base 7?
260
Convert -119 (base 12) to base 11.
-140
Convert -11351 (base 6) to base 4.
-121303
3120032 (base 4) to base 9
20875
Convert 502c (base 13) to base 4.
2230033
What is -52 (base 15) in base 7?
-140
7664 (base 9) to base 6
42051
What is 1999 (base 13) in base 14?
1588
Convert 191 (base 13) to base 12.
1bb
What is -10130 (base 6) in base 15?
-600
-1739 (base 12) to base 6
-20513
105555 (base 7) to base 11
13148
What is 31231 (base 4) in base 10?
877
What is -21102 (base 3) in base 14?
-104
Convert 922 (base 11) to base 9.
1466
Convert 34140 (base 5) to base 6.
15112
What is -221202220 (base 3) in base 11?
-13131
1666 (base 10) to base 4
122002
45247 (base 9) to base 3
1112021121
5e3d (base 15) to base 11
140a8
-7a09 (base 13) to base 10
-17078
What is -31643 (base 8) in base 14?
-4b63
What is -13 (base 13) in base 15?
-11
Convert 1149 (base 12) to base 6.
12533
What is -2d9f (base 16) in base 15?
-36d9
What is 2302 (base 9) in base 3?
2100002
What is -16052 (base 10) in base 4?
-3322310
Convert -1211101 (base 5) to base 9.
-34057
Convert -1002122 (base 3) to base 12.
-568
Convert 22101221 (base 4) to base 2.
1010010001101001
What is 13b9 (base 15) in base 16?
1080
-16310 (base 8) to base 14
-2984
Convert -929c (base 16) to base 2.
-1001001010011100
-335 (base 11) to base 15
-1bb
a26 (base 11) to base 5
14423
What is -100202 (base 4) in base 16?
-422
-10463 (base 9) to base 16
-1b1e
Convert -851 (base 10) to base 4.
-31103
Convert 220213 (base 4) to base 14.
d39
Convert 5c1c (base 15) to base 3.
222220000
Convert -222330 (base 4) to base 5.
-41443
465b (base 13) to base 8
23226
Convert -57 (base 11) to base 2.
-111110
-766 (base 13) to base 2
-10011110011
What is -11253 (base 9) in base 2?
-1110101001100
-41b (base 14) to base 7
-2234
Convert 7b56 (base 14) to base 6.
243132
What is 77b9 (base 13) in base 15?
4e44
-1112021211 (base 3) to base 8
-72624
Convert 96 (base 12) to base 11.
a4
11ee (base 16) to base 5
121330
a56f (base 16) to base 15
c836
-2222100111 (base 3) to base 13
-2087b
What is 4214 (base 5) in base 6?
2331
What is 24531 (base 6) in base 10?
3655
What is 267 (base 15) in base 10?
547
6d21 (base 15) to base 5
1220311
What is 690 (base 16) in base 4?
122100
22a56 (base 13) to base 12
30751
Convert -301 (base 7) to base 11.
-125
What is 5543 (base 6) in base 14?
67d
-110 (base 6) to base 10
-42
Convert 1900 (base 13) to base 16.
e86
What is 6b5 (base 12) in base 16?
3e9
Convert 242311 (base 5) to base 15.
2a56
Convert -1110101100000011 (base 2) to base 5.
-3411123
Convert -2215 (base 6) to base 7.
-1334
Convert 351 (base 10) to base 7.
1011
-211 (base 8) to base 9
-162
Convert 22001110 (base 3) to base 5.
141441
212232 (base 5) to base 14
289a
Convert -589 (base 15) to base 11.
-a40
102021102 (base 3) to base 8
20033
What is -112124 (base 7) in base 6?
-232225
Convert -114030 (base 5) to base 8.
-10251
What is -7d (base 14) in base 3?
-11010
Convert 18658 (base 10) to base 7.
105253
-1102020 (base 3) to base 9
-1366
Convert 1216 (base 7) to base 10.
454
-197a (base 11) to base 14
-cb1
What is -315341 (base 7) in base 6?
-1101145
Convert 62b (base 16) to base 14.
80b
2204 (base 7) to base 12
558
669 (base 15) to base 12
a09
-3164 (base 7) to base 14
-5a4
What is 3 (base 8) in base 16?
3
53137 (base 8) to base 13
a0ab
What is 1022121120 (base 3) in base 7?
135456
100001111 (base 2) to base 15
131
Convert -333221 (base 4) to base 7.
-14606
-23112 (base 4) to base 12
-506
-20234 (base 5) to base 16
-527
-379a (base 12) to base 16
-18a6
What is -801 (base 13) in base 12?
-949
Convert a020 (base 15) to base 16.
83f4
Convert 236 (base 9) to base 2.
11000011
Convert 19882 (base 11) to base 10.
27678
Convert -1806 (base 9) to base 6.
-10223
Convert 7a06 (base 12) to base 8.
32346
Convert 4761 (base 8) to base 11.
1a04
-123011 (base 4) to base 9
-2335
-201000 (base 3) to base 5
-4023
What is -219 (base 14) in base 5?
-3130
Convert 1eb (base 15) to base 6.
2022
What is -401342 (base 5) in base 7?
-52043
What is 33231 (base 4) in base 6?
4353
2602 (base 13) to base 4
1110202
-12022010 (base 3) to base 16
-f18
-3012 (base 10) to base 2
-101111000100
What is 121 (base 6) in base 14?
37
Convert -3130 (base 4) to base 3.
-22011
Convert -1ca (base 15) to base 12.
-2a7
Convert -2840 (base 10) to base 16.
-b18
Convert -538 (base 13) to base 9.
-1201
What is 12c9 (base 15) in base 9?
5450
Convert -15a84 (base 11) to base 12.
-110b2
11040 (base 5) to base 16
302
What is b483 (base 12) in base 14?
725d
101002220 (base 3) to base 10
7368
What is -455415 (base 7) in base 11?
-55a79
Convert 9578 (base 10) to base 11.
7218
-1756 (base 11) to base 12
-1367
Convert 815 (base 9) to base 12.
472
35784 (base 11) to base 7
303124
What is -c257 (base 13) in base 8?
-64226
Convert -12406 (base 9) to base 7.
-33225
What is -d78 (base 15) in base 10?
-3038
-12003 (base 5) to base 2
-1101101110
What is -10181 (base 11) in base 10?
-14851
Convert -17a (base 16) to base 8.
-572
Convert 72b (base 13) to base 8.
2304
What is -1019a (base 12) in base 11?
-1485a
Convert -15d3 (base 15) to base 14.
-19d8
3240 (base 5) to base 16
1bd
Convert aa (base 12) to base 13.
a0
-104c4 (base 14) to base 12
-1a950
Convert -2089 (base 12) to base 16.
-de9
What is 3022 (base 6) in base 8?
1226
What is -5786 (base 10) in base 11?
-4390
Convert 1799 (base 11) to base 7.
6444
What is -1253 (base 9) in base 15?
-429
153235 (base 8) to base 13
1c013
What is 21100220 (base 3) in base 2?
1010011111010
-8bab (base 14) to base 12
-12057
What is -100010100000 (base 2) in base 9?
-3023
Convert -33344 (base 6) to base 2.
-1001001000000
What is -916 (base 11) in base 8?
-2122
-102110 (base 3) to base 4
-10311
-1ae (base 16) to base 8
-656
What is -1008 (base 10) in base 14?
-520
Convert -11100 (base 8) to base 10.
-4672
What is 28f (base 16) in base 3?
220021
-22101022 (base 3) to base 8
-13736
Convert -75713 (base 8) to base 3.
-1121110202
-123300 (base 5) to base 2
-1001011011001
What is -311e (base 15) in base 12?
-600b
-11000100110 (base 2) to base 9
-2138
What is -1878 (base 10) in base 8?
-3526
Convert 5944 (base 12) to base 11.
7560
What is -1100111011000 (base 2) in base 14?
-25a8
What is 9b2 (base 12) in base 9?
1858
Convert -110220 (base 3) to base 11.
-297
What is -10010010 (base 2) in base 7?
-266
7610 (base 8) to base 4
332020
-5141 (base 9) to base 5
-110023
What is 30021 (base 5) in base 10?
1886
-762 (base 14) to base 4
-112302
What is -13562 (base 15) in base 3?
-10011000002
Convert 50445 (base 7) to base 8.
27712
Convert -301 (base 13) to base 2.
-111111100
Convert -2590 (base 13) to base 2.
-1010011101100
1201203 (base 4) to base 14
23bd
What is 32 (base 7) in base 10?
23
25365 (base 7) to base 15
1ec6
200 (base 7) to base 6
242
5566 (base 13) to base 5
340124
What is 14310 (base 5) in base 16?
4b5
Convert -1003200 (base 4) to base 6.
-32000
22022120 (base 3) to base 15
1be3
What is 10111101 (base 2) in base 16?
bd
-4466 (base